e a(g).
-14
Let v(s) = -s**2 + 8*s + 6. Suppose -8*w = -4*w - 5*k - 51, 5*k + 42 = 3*w. Give v(w).
-3
Let c be (-136)/36 + (-4)/18. Let v(u) = u**2 + 4*u + 4. Calculate v(c).
4
Let n = 22 + -20. Let f(l) be the third derivative of -l**7/2520 + l**6/720 + l**5/120 + l**4/12 - 2*l**2. Let g(m) be the second derivative of f(m). Give g(n).
-1
Suppose -b + 57 = -4. Let x(s) = 8*s - 63 - 4*s**2 + b - 6*s**3 + 5*s**3 - 3*s. Calculate x(-5).
-2
Let y(l) = 5 - 36*l**2 + 35*l**2 + 5*l - 3. Give y(6).
-4
Let b(y) = -4*y**3 + 3*y + y**2 - 3*y. Let o be (1 - (4 + (-6 - 0))) + -2. Give b(o).
-3
Let v(n) = -3*n**2 + 39*n + 18. Let c(p) = 2*p**2 - 33*p - 18. Let b(w) = -4*c(w) - 3*v(w). Suppose 14 = -x - 0*x. Determine b(x).
4
Let t be ((-15)/(-6) + -3)*14. Let r be ((-52)/130)/(t/5 - -1). Let x(m) = -12*m. Determine x(r).
-12
Let g(h) = -4*h - 3*h - 2 - 3*h + 6*h. Let k(v) = 7*v + 26. Let i be k(-4). Give g(i).
6
Let n(u) be the second derivative of -3*u**2 + 0 - 11*u - 1/4*u**4 - 1/60*u**5 + 1/3*u**3. Let s(g) be the first derivative of n(g). Determine s(-5).
7
Let c(n) = 5*n**2 - n + 4*n**3 - 3*n - 2*n**3 - 8 - n**3. Let q(d) = -4*d - 2. Let w be q(1). Give c(w).
-20
Let k(a) be the second derivative of 0 + 1/3*a**3 - 9*a - 1/12*a**4 + 3*a**2. Give k(6).
-18
Let s(x) = x**2 + 16*x - 532 + 519 - 3*x**2. Determine s(7).
1
Let z(b) = -2*b - 2*b - b**2 + 66 + 8*b - 70. Determine z(3).
-1
Suppose -3*a = 2*d - 0*d - 17, 0 = 5*a - 4*d - 43. Let s(c) = -3 + a*c - 14*c + 4*c + 0. Determine s(-6).
15
Let s = -20 + 23. Let y be s - 1*(3 + -4). Let z(u) = u**2 - 6*u - 2. Let b(l) = 4*l**2 - 25*l - 9. Let x(h) = 6*b(h) - 26*z(h). Calculate x(y).
-10
Let w(s) = -s**3 - 3*s**2 + 3*s + 3. Let u = 13 - -44. Let h = 54 - u. Determine w(h).
-6
Let g be 0/(-1)*2/(-4). Let f(w) = w**2 + w - 10. Let l(z) = -3*z**2 - 2*z + 21. Let b(x) = -5*f(x) - 2*l(x). Calculate b(g).
8
Suppose 0 = 9*o + 4*o + 156. Let s be (-2 + 0)*(-18)/o. Let q(r) = 3*r + 2 - 5*r**3 + r**3 + 4*r**2 + 5*r**3. What is q(s)?
2
Let t(y) be the second derivative of y**3/6 - 11*y**2/2 + 176*y. Give t(11).
0
Let k be (-1)/(12/(-9) - -1). Let h(t) = -k*t + 2 + 1 + t**2 + 0*t**2 - 5*t. Suppose 7*r = 2*r - u + 20, 10 = -2*u. Give h(r).
-12
Let h(x) = -x**3 - 2*x**2 - x + 3. Suppose 6*d + 309 = 291. Give h(d).
15
Suppose -3*r = -46*v + 41*v + 27, 3*r = -12. Let g(l) be the first derivative of -7/3*l**3 + l + v + 0*l**2. Calculate g(1).
-6
Let y(k) = k - 3. Let t be y(4). Let u(s) = -s - 1. Let z(b) = b + 13. Let r(i) = t*z(i) + 2*u(i). Let a(p) = p**2 - 17*p - 12. Let v be a(18). Determine r(v).
5
Suppose 4*g = -3*z + 4 + 34, 2*g = 5*z - 46. Let n(v) = -17*v - 20*v - 9 + 49*v - 11*v - 5. Determine n(z).
-4
Let l(t) = -t**3 + t - 1. Let c(z) = 5*z**3 - 7*z + 5. Let w(s) = c(s) + 4*l(s). Calculate w(3).
19
Let j(k) be the first derivative of k**2/2 - k - 1309. Let a = 1 + -1. Calculate j(a).
-1
Let l(d) = 1 - 1 - 3*d - d. Let y be l(-1). Let z(o) = 22 - 46 + 23 - o**2. Calculate z(y).
-17
Let u(m) = -2*m**2 - 3*m + 1. Let q(k) = k**3 + 10*k**2 - 60*k - 59. Let z be q(-14). Determine u(z).
-8
Let w = -12 - -17. Let z(b) = 23*b**2 + 8 + b - w - 2. What is z(-1)?
23
Let g(n) = 4*n - 25. Let i be g(6). Let p(l) = 9*l**2 + l. Give p(i).
8
Let j(l) be the third derivative of 7*l**5/60 - l**4/12 + l**3/6 + 4*l**2 + 43. Give j(-2).
33
Let f(l) = -l**2 - 5*l + 9. Let g(h) = 2*h - 25. Let r be g(15). Suppose -r*s = 3*c + 41, 0 = 5*c - 4*c + 3*s + 19. Calculate f(c).
-5
Let l(z) = z**2 + z + 1. Let f(t) = 3*t + 5*t**2 - 7*t**2 + 29 - t + 26*t. Let k be f(15). Determine l(k).
1
Let t(o) = -202 + 5*o + 2*o + 421 - 161. What is t(-9)?
-5
Let c(v) = v**3 - v**2 + 3*v - 1. Let x(h) = 3*h**3 - 3*h**2 + 8*h - 3. Let u(o) = 2*c(o) - x(o). What is u(3)?
-23
Let y(d) be the second derivative of -7*d**4/12 - d**3/3 + d**2/2 + 3*d - 11. What is y(1)?
-8
Let j be 5*-1*6/15. Let z be -5*(24/20 + j). Let q(b) = -4 - 5*b**2 + 3*b + 3 + z*b**2. Calculate q(5).
-11
Let u(a) be the second derivative of a**3/2 - a**2/2 - 57*a. What is u(2)?
5
Let z be 1*22 + (-1)/((-1)/2). Let t(v) = 3*v**2 + 1 - 8*v - 2*v**2 + z*v - 10*v. What is t(-5)?
-4
Let r(i) = 2*i**2 + 2*i + 1. Let w(h) = h**3 + 2*h**2 + 7*h + 2. Let z be w(-2). Let g = z - -10. What is r(g)?
5
Let c(h) be the third derivative of h**5/60 - h**4/4 + h**3 - 4*h**2. Suppose 0 = -0*m - m + 7. Suppose -m*n = -2*n - 25. What is c(n)?
1
Let c(x) = 236*x - 4 - 119*x - 120*x. What is c(7)?
-25
Let g(p) = -4*p**3 + 2 - 3*p + 5*p**3 + 5*p - 3*p. Let r be -1 + -3 + -14 + 16. Give g(r).
-4
Let q(y) be the second derivative of 3/2*y**2 + 3*y + 0 - 1/20*y**5 - 2/3*y**3 + 1/3*y**4. Let s = 182 - 178. Calculate q(s).
-13
Let c(g) = -g**2 - 6*g + 4. Let d(w) = -43*w + 77. Let n be d(2). Give c(n).
-23
Let h(s) = -s**3 - 4*s**2 + 3*s - 2. Let m(v) = -3*v - 12. Let o(t) = -t**2 + 4*t + 16. Let x be o(7). Let w be m(x). Let c be w + 0 - (0 + 8). Calculate h(c).
8
Let z(g) = -7*g + 5. Let k(f) = 4*f**3 - f**2 + 7*f - 7. Let j be k(1). What is z(j)?
-16
Let p = 509 + -512. Let w(m) = -4*m - 4. Determine w(p).
8
Let v(k) = k + 8. Let a(q) = -q - 6. Let r(b) = -8*a(b) - 5*v(b). Give r(0).
8
Let u(v) = 23*v**2 + 11*v**2 + 1 - 10*v - 37*v**2 + 4. Determine u(-5).
-20
Let x(t) = -2*t. Let r be x(-2). Let h be 3 - -5 - (r - 4). Let o(f) = h + 5 - 5 + f + 1. What is o(-5)?
4
Let y(i) = -i**3 - 5*i**2 - 3*i - 2. Let l(m) = -4*m - 13. Let t be l(-8). Suppose 0 = 2*q - 11 + t. Calculate y(q).
-6
Let b(j) = -2*j**2 - 6*j - 2. Let k = -161 + 157. Calculate b(k).
-10
Let p(u) = 3*u**2 - 5*u**2 + u**2 + 3 - 1 - 2*u. Calculate p(1).
-1
Let f(y) = -8*y - 4. Suppose -5*i - 3*r = 35, -r + 23 - 20 = -2*i. Calculate f(i).
28
Let z(v) = 13*v**3 - v**2 + 7*v + 5. Let k(x) = x + 1. Let c(t) = 6*k(t) - z(t). Suppose -5*n - 17 = 3*h, 2*h + 5 = -h - 2*n. Calculate c(h).
-12
Let k(o) = 2*o**3 + 5*o**2 + o**3 - 5*o + 5 - 2*o**3 - 2 - 2*o**3. Determine k(4).
-1
Suppose 0*s + 36 = -2*s. Let g = s - -24. Let t(u) = -2*u + 5 + 0*u**2 + u**2 - 6*u. What is t(g)?
-7
Let i(t) = 4*t**2 - 7*t - 38. Let f(v) = 3*v**2 - 9*v - 32. Let d(n) = -5*f(n) + 4*i(n). Determine d(-12).
-52
Let v(i) = -i**3 + 8*i**2 - i + 8. Let b be v(8). Suppose -6 = -b*j + 3*j. Let g be 2/(-5)*(j + -3). Let r(a) = a**3 - 2*a. Determine r(g).
4
Let o(z) = z**2 + 3*z + 2. Let b = -4 + 7. Suppose -4*v = -8, 5*y - 29 = -2*v - 5. Suppose -4*f - b = -g, 0 = 7*f - y*f - g + 1. Determine o(f).
0
Let a(j) = -13*j - 5 + 7*j**2 - 9*j**3 + 10*j**3 + 3*j**2 - 1. Determine a(-11).
16
Suppose 5*v - g = -31, -4*v + 20 = 5*g + 68. Let b be (-1 + 1)/((-28)/v). Suppose -x + b = -3. Let h(o) = -o + 2. Calculate h(x).
-1
Let m(t) = -9*t + 2. Let d(g) = 4*g. Let u(a) = 10*d(a) + 4*m(a). What is u(-6)?
-16
Let t = 4 + -1. Let h(y) = y + 0 - t + 1 + 3. Let q(m) = -m**3 - 8*m**2 + 7*m - 12. Let k be q(-9). Calculate h(k).
7
Let o(v) = -2*v - 1. Let c = 14 + -28. Let z = 12 + c. Determine o(z).
3
Suppose 3*j = 2*w - 13 + 36, 4*w = 2*j - 34. Let n(y) be the first derivative of y**4/4 + 7*y**3/3 + y**2/2 - 6*y + 2. Determine n(w).
-13
Let x(g) = 4*g - 33. Let b be x(7). Let r(z) = z**3 + 4*z**2 - 7*z - 10. Determine r(b).
0
Let y(p) = -2*p + 56. Let g(s) = -s + 5. Let x(r) = -3*g(r) + y(r). What is x(-22)?
19
Let l = 11 - -8. Let t(c) = 48 - l - 30 - 16 + c. What is t(9)?
-8
Let j be (-128)/9 + (-4)/(-18). Let a = j - -16. Let c(v) = -v**2 + 4*v**2 + 3*v**a + 4*v**2. Calculate c(-1).
10
Let q(n) = -3*n**3 + n**2 + 2*n - 2. Let t(u) = -5*u**3 + 2*u**2 + 5*u - 5. Let y(i) = 5*q(i) - 2*t(i). Let b be -4 + (24/(-54) - 196/(-36)). Determine y(b).
-4
Let x(h) = 37*h**3 + h**2 - 13*h - 7. Let t(f) = -17*f**3 - f**2 + 6*f + 3. Let j(d) = 13*t(d) + 6*x(d). Determine j(6).
-39
Suppose -34*o = -44*o + 80. Let s(w) = w**3 - 9*w**2 + 8*w + 6. What is s(o)?
6
Let p(j) = 11*j**3 + 8 - 1 + 5*j - 12*j**3. Let z(x) = -x**3 - x**2 + 5*x + 6. Let s(o) = 4*p(o) - 5*z(o). Give s(-6).
-8
Let q(i) = -i**2 - 6*i + 8. Let b(d) = d**2 + 5*d**2 - 7 - 2*d**2 - 3*d**2 + 5*d. Let k(m) = -4*b(m) - 3*q(m). Suppose 0 = 4*j - 3*j + 3. What is k(j)?
1
Let x(y) = y**2 + y + 10. Let p(c) = -103*c**3 + c**2. Let o be p(-1). Let g = 104 - o. Calculate x(g).
10
Let w(h) = -4*h - 13. Let f(u) = -3*u - 15. Let c(a) = 3*f(a) - 2*w(a). Let z =